-608 = 7*p - 11*p. Does 8 divide p?
True
Suppose -5*s = -5*o + 65, -o + 4*s + 2 = 1. Let r = -34 - -39. Let k = o + r. Does 13 divide k?
False
Let z(i) = 9*i**2 - 3*i + 4. Is 16 a factor of z(2)?
False
Let u = 44 + -24. Is 10 a factor of u?
True
Let i(x) = -x**3 + 7*x**2 + 8*x + 2. Let p be i(8). Suppose 0 = 5*g - 4*k + 1, -p*k + 15 = g + k. Suppose 0 = -s + g. Is 2 a factor of s?
False
Let h(x) = -x**3 - 11*x**2 - 11*x - 5. Let z be h(-10). Let g(l) be the third derivative of l**4/24 - l**3/3 - 9*l**2. Is 3 a factor of g(z)?
True
Suppose 3*x = -27 + 6. Let a = 1 - x. Is 3 a factor of a?
False
Let h(g) = 1 + 11*g**3 + 0*g - g + 0. Is 10 a factor of h(1)?
False
Let s = 46 - 33. Suppose 0 = 3*p - 6, -4*c + 2*p = -9*c + 9. Is c*s + 4/(-2) a multiple of 11?
True
Let x = 0 + 5. Let r be (7/x + -2)*-5. Suppose 96 = r*t + t. Does 12 divide t?
True
Let h(p) = 6*p**2 + 9*p + 5. Let v(m) = -5*m**2 - 8*m - 5. Let w(z) = 6*h(z) + 7*v(z). Is 22 a factor of w(-6)?
False
Let y be -3 + 2 + -8 + 3. Is 10 a factor of (60/6)/((-3)/y)?
True
Is (-630)/(-5 - (-42)/12) a multiple of 27?
False
Let c be (-2)/(-2) + (-2 - -4). Suppose -w = -c*w, 0 = -2*l - 5*w + 6. Suppose 0 = -3*b + 2*b - l*z - 1, 2*b - 5*z = 31. Does 4 divide b?
True
Suppose v = -3*t + 191, 3*v + 3*t + t = 548. Is 16 a factor of v?
True
Let n be 2/(-1)*(0 + -4). Is 57/4 + 6/n a multiple of 15?
True
Suppose 4*i = -3*x - 2*x - 107, -61 = 2*i + 5*x. Let g = -52 - i. Let u = -20 - g. Is 9 a factor of u?
True
Let u be ((-4)/(-3))/((-4)/18). Let n be (-4)/u*3 + -2. Suppose v - 2 + 6 = n, -3*v = -5*k + 152. Does 14 divide k?
True
Does 8 divide 60/2*(-2)/(-3)?
False
Let b = -45 + 29. Let f = b + 36. Is 8 a factor of f?
False
Let p(b) = 1. Let s(r) = -12*r + 8. Let u(v) = 10*p(v) - s(v). Let m(w) = -60*w - 10. Let q(f) = 2*m(f) + 11*u(f). Does 13 divide q(2)?
True
Suppose 4*h - 28 = h - 2*r, 0 = h + 3*r - 7. Does 16 divide 2/5 - (-316)/h?
True
Let z(l) = 9*l**2 + l - 1. Let m(c) = -6*c**3 - c + 1. Let d be m(1). Let f(x) = x**3 + 6*x**2 + 1. Let q be f(d). Is 9 a factor of z(q)?
True
Does 4 divide (2/6)/((-2)/(-114))?
False
Let g = 103 - 64. Is g a multiple of 4?
False
Suppose 2*w + 18 = 106. Is 11 a factor of w?
True
Let y(f) = -f + 4. Let u be y(4). Let l be u - (-1 + 1 + 0). Suppose -p - 1 = -b + 4, l = 2*p + 4. Is 3 a factor of b?
True
Let l(h) be the second derivative of h**4/12 + h**3 - 5*h**2/2 + 4*h. Is l(-13) a multiple of 23?
False
Suppose 4*l - 2*l + 6 = 0. Does 14 divide (-15)/l*(-32)/(-10)?
False
Let d(p) = -11*p - 18. Is 59 a factor of d(-7)?
True
Let l(z) = -6*z - 6. Let c(s) = -s - 1. Let v(n) = 11*c(n) - 2*l(n). Is 2 a factor of v(1)?
True
Suppose 2*j - 3*j = -4. Does 18 divide (-24)/1*(-6)/j?
True
Suppose 6 = a - 3*a. Is 8 a factor of 3/a - (-14 + -1)?
False
Let y be 10/(-2 - 2 - -2). Let x = 33 + y. Is 14 a factor of x?
True
Suppose -10*r + 1908 - 308 = 0. Is r a multiple of 16?
True
Let g(s) = -s**3 - 8*s**2 - 2*s - 12. Suppose -4*r + 0*r = -256. Let k be (3/(-6))/(4/r). Is 4 a factor of g(k)?
True
Suppose -8*r + 105 = -o - 3*r, 4*o - 5*r = -375. Let i = o + 147. Is i a multiple of 19?
True
Let d = 6 + -3. Suppose 18 = -3*w + 6, -d*q = -3*w - 114. Does 13 divide q?
False
Let j(o) = -60*o - 5. Let k be j(-6). Suppose -r - 353 = -5*p, -k = -4*p - r - 69. Let x = p + -38. Is x a multiple of 13?
False
Let a = -898 + 1418. Let p be 0 + (-2 - (-20)/2). Is 13 a factor of 4/10*a/p?
True
Suppose 2*n = -3*n + 25. Suppose -q = -n*q. Suppose q*u + u - 49 = 0. Is u a multiple of 18?
False
Suppose -9*z = -5*z - 392. Is z a multiple of 24?
False
Let m(a) = 5*a**3 + 4*a**2 + a - 2. Let u(p) = 6*p**3 + 4*p**2 + 2*p - 2. Let o(w) = 5*m(w) - 4*u(w). Is o(-3) a multiple of 16?
True
Suppose -46 = u + 2*h, u - 5*h - 181 = 5*u. Does 22 divide (u/6)/(11/(-66))?
True
Suppose 4*n = 2*y - 497 - 7, -4*y = -n - 112. Let w be n/(-5) + 6/15. Let x = 45 - w. Does 7 divide x?
False
Let s = 93 - 37. Is s a multiple of 14?
True
Suppose 0 = -n - 0*n + 6. Let k be n/9 + 20/6. Is 4 a factor of (-2)/(10/k - 3)?
True
Suppose 2*s - 13 = 7. Does 4 divide s?
False
Suppose 3*j - 555 = -2*j. Let c = j + -69. Is c a multiple of 10?
False
Let g = 15 - 7. Is g a multiple of 4?
True
Suppose 0 = -b + 3*b. Suppose b = -3*h + 4*h - 4. Does 2 divide h?
True
Let x(p) = p**3 - p**2 + 3*p + 3. Suppose 0 = 2*w + 3*w - 15. Is 13 a factor of x(w)?
False
Let c(h) = h**2 + 10*h - 6. Suppose -3*w + 5*w + 18 = 0. Let s be c(w). Let r = s - -40. Does 16 divide r?
False
Suppose 4*k - 75 = -k. Let g = k + -1. Is g a multiple of 7?
True
Let h = 11 - 7. Suppose 0 = -h*m - 72 - 60. Let d = m + 47. Is d a multiple of 7?
True
Let b(m) = -1 + 2 + 2 - 5 - 2*m. Is b(-3) a multiple of 2?
True
Let x = -14 - -24. Let h = x - -6. Is 16 a factor of h?
True
Suppose 3*v = -9, v = 5*p + 1 - 24. Is p a multiple of 2?
True
Let j be (3 - -22) + 5/(-5). Let f = j + -14. Is f a multiple of 4?
False
Let q(p) = p + 3. Let a be q(-8). Let n(z) be the third derivative of -z**4/12 - 5*z**3/6 - z**2. Is n(a) a multiple of 2?
False
Is 14 a factor of ((-375)/(-6) - 6)/((-2)/(-4))?
False
Let x(h) = -h**2 + 4*h. Let s(q) = 3*q**2 - q - 1. Let f be s(-1). Let g be x(f). Suppose -3*u - g*j = -90, -6*j + 30 = u - 3*j. Does 20 divide u?
False
Let y = -70 + 37. Is 5 a factor of 6/y - (-378)/22?
False
Is 9 a factor of 68/(-85)*90/(-4)?
True
Is 7 a factor of 29/(1/(-3) + (-50)/(-60))?
False
Is 2 a factor of ((0 - -3)/(-3) + 2)*5?
False
Let a(v) = 16*v**2 - v + 1. Let x(q) be the first derivative of -q**3/3 - 5*q**2 - 8*q + 1. Let p be x(-9). Is a(p) a multiple of 10?
False
Suppose -5*k + 3*w = -253, 2*k - 3*w - 25 = 78. Is 25 a factor of k?
True
Let a be (-1)/(-2 - (-25)/15). Let j(y) = 2*y**2 - 2*y**2 + 2*y**2 - 4. Does 12 divide j(a)?
False
Suppose -6*k + 3*k + 69 = 0. Does 7 divide k?
False
Let o(j) = -j**2 - 7*j + 2. Let i be o(-8). Let q be ((-4)/i)/((-2)/(-9)). Let v(k) = -k**3 + 7*k**2 - 5*k + 3. Does 12 divide v(q)?
True
Let p(s) = -s + 7. Let t be p(4). Suppose -2*g + t*r + 0*r = 1, 5*g - r = -9. Let c(b) = b**2 + b + 2. Is c(g) even?
True
Let w = 0 - -4. Suppose z + w*z = 245. Is 14 a factor of z?
False
Suppose -l + 4*l = 0. Suppose -14 = -l*y - 2*y. Is 7 a factor of y?
True
Suppose 0 = h + 6 - 3, i - 4*h = 50. Is 6 a factor of i?
False
Let p(w) be the first derivative of -w**6/360 + 37*w**4/24 + 2*w**3/3 + 3. Let f(c) be the third derivative of p(c). Is f(0) a multiple of 13?
False
Let z(j) = -2*j**3 - 26*j**2 - 9*j + 19. Is z(-13) a multiple of 34?
True
Let r be 21 - 1/(4/(-12)). Is (1 - 0)/(3/r) even?
True
Suppose -2 = 2*s - 10. Suppose 2*n + 2*n - 108 = -s*t, 23 = n + 2*t. Is 14 a factor of n?
False
Suppose 0 = 7*q - 3*q - 36. Let w be ((-2)/(-2))/(4/(-28)). Let x = q - w. Is x a multiple of 10?
False
Suppose -3*q + 100 = -q. Does 25 divide q?
True
Is (1 + -1 + 7)/1 a multiple of 3?
False
Suppose -2*s + 58 = -46. Is s a multiple of 13?
True
Let j(k) = -k**3 - 7*k**2 + 10*k + 27. Is j(-9) a multiple of 11?
True
Let n(a) = -12*a + 3. Let i be n(3). Let f = i + 70. Is f a multiple of 11?
False
Suppose 0*p - 3*p - 2*j + 30 = 0, 2*p = 4*j + 36. Does 12 divide p?
True
Suppose -5*z = -0*z + 60. Does 2 divide 6/4 - z/8?
False
Suppose 166 = 4*i - 2*u, -3*u + 0*u - 165 = -4*i. Suppose -4*p + p + o = -i, -2*p + 23 = o. Suppose -3 = -g + p. Does 13 divide g?
False
Suppose -116 = -2*o - 3*o - 4*z, -3*o + 71 = z. Suppose 5*w = -2*v - 6, 4*v - 6*w - 14 = -3*w. Suppose 0*y = -v*y - 2*b + o, 0 = -4*b + 16. Is 3 a factor of y?
False
Let w be 78/(3 + -1)*1. Suppose -24 = -3*l - t - 2*t, 5*l + 4*t = w. Suppose 0 = -d + l - 0. Is d a multiple of 7?
True
Let f = 122 - 65. Is 19 a factor of f?
True
Let f(q) = -15*q. Is 10 a factor of f(-2)?
True
Suppose -3*q = -41 + 14. Is 4 a factor of q?
False
Let f(q) = q**2 + 3*q - 5. Let b be f(-4). Let t = 3 + b. Suppose -4*g - 44 = -4*k, -3*k - t*k - 5*g = -45. Is k a multiple of 4?
False
Let m be 1/(-4 - -7)*0. Suppose -3*w - 9 = m, 4*i - i - 171 = w. Is 10 a factor of i?
False
Let w be (4 - (1 - -1)) + 3. Suppose 0 = b - 2*b + w. Suppose y + b*m = 9, -3*m + 2 - 14 = 0. Is 14 a factor of y?
False
Let t(r) = 3*r**2 - 8*r - 10. Does 14 divide t(-4)?
True
Let a be 6/12 - (-274)/4. Let y = -36 + a. Does 13 divide y?
False
Is 44 a factor of 2/8 - 525/(-12)?
T